{"id":12,"date":"2021-03-09T23:42:58","date_gmt":"2021-03-09T23:42:58","guid":{"rendered":"http:\/\/kompenzaciokft.hu\/?page_id=12"},"modified":"2021-03-18T11:11:14","modified_gmt":"2021-03-18T11:11:14","slug":"elerhetoseg","status":"publish","type":"page","link":"https:\/\/kompenzaciokft.hu\/?page_id=12","title":{"rendered":"El\u00e9rhet\u0151s\u00e9g"},"content":{"rendered":"\n<pre class=\"wp-block-preformatted\">Kompenz\u00e1ci\u00f3 Co. Kft.\n8200 Veszpr\u00e9m Jutasi \u00fat 21.\nTel\/fax: 88\/786-347\nE-mail: <a href=\"mailto:kompenzacioco.kft@chello.hu\"><a href=\"https:\/\/mail.huninf.hu\/?_task=mail&amp;_caps=pdf%3D1%2Cflash%3D0%2Ctif%3D0&amp;_uid=17276&amp;_mbox=INBOX&amp;_framed=1&amp;_action=preview#NOP\">info@kompenzaciokft.hu<\/a><\/a><\/pre>\n\n\n\n<p><\/p>\n","protected":false},"excerpt":{"rendered":"<p>Kompenz\u00e1ci\u00f3 Co. Kft. 8200 Veszpr\u00e9m Jutasi \u00fat 21. Tel\/fax: 88\/786-347 E-mail: info@kompenzaciokft.hu<\/p>\n","protected":false},"author":1,"featured_media":0,"parent":0,"menu_order":0,"comment_status":"closed","ping_status":"closed","template":"","meta":{"neve_meta_sidebar":"","neve_meta_container":"","neve_meta_enable_content_width":"","neve_meta_content_width":0,"neve_meta_title_alignment":"","neve_meta_author_avatar":"","neve_post_elements_order":"","neve_meta_disable_header":"","neve_meta_disable_footer":"","neve_meta_disable_title":"","footnotes":""},"class_list":["post-12","page","type-page","status-publish","hentry"],"_links":{"self":[{"href":"https:\/\/kompenzaciokft.hu\/index.php?rest_route=\/wp\/v2\/pages\/12","targetHints":{"allow":["GET"]}}],"collection":[{"href":"https:\/\/kompenzaciokft.hu\/index.php?rest_route=\/wp\/v2\/pages"}],"about":[{"href":"https:\/\/kompenzaciokft.hu\/index.php?rest_route=\/wp\/v2\/types\/page"}],"author":[{"embeddable":true,"href":"https:\/\/kompenzaciokft.hu\/index.php?rest_route=\/wp\/v2\/users\/1"}],"replies":[{"embeddable":true,"href":"https:\/\/kompenzaciokft.hu\/index.php?rest_route=%2Fwp%2Fv2%2Fcomments&post=12"}],"version-history":[{"count":5,"href":"https:\/\/kompenzaciokft.hu\/index.php?rest_route=\/wp\/v2\/pages\/12\/revisions"}],"predecessor-version":[{"id":68,"href":"https:\/\/kompenzaciokft.hu\/index.php?rest_route=\/wp\/v2\/pages\/12\/revisions\/68"}],"wp:attachment":[{"href":"https:\/\/kompenzaciokft.hu\/index.php?rest_route=%2Fwp%2Fv2%2Fmedia&parent=12"}],"curies":[{"name":"wp","href":"https:\/\/api.w.org\/{rel}","templated":true}]}}